s -107 (base 10) in base 3?
-10222
1 (base 5) to base 16
1
What is 11 (base 7) in base 3?
22
What is 240 (base 8) in base 6?
424
Convert 15 (base 8) to base 10.
13
Convert -25 (base 12) to base 11.
-27
What is 3 (base 16) in base 14?
3
What is 54 (base 13) in base 11?
63
-10 (base 7) to base 6
-11
What is -3 (base 6) in base 13?
-3
What is 0 (base 4) in base 13?
0
What is -2 (base 6) in base 14?
-2
-23 (base 16) to base 8
-43
What is -5 (base 9) in base 5?
-10
-23 (base 9) to base 4
-111
Convert -2 (base 10) to base 8.
-2
Convert 168 (base 9) to base 13.
b0
Convert 12 (base 5) to base 15.
7
Convert -24 (base 11) to base 13.
-20
Convert d (base 15) to base 3.
111
1211 (base 4) to base 11
92
What is 10 (base 14) in base 12?
12
-3 (base 6) to base 7
-3
What is 131 (base 7) in base 4?
1013
-3 (base 13) to base 15
-3
-100 (base 3) to base 10
-9
-40 (base 8) to base 12
-28
-100 (base 15) to base 14
-121
What is 112 (base 3) in base 9?
15
What is -13 (base 15) in base 2?
-10010
-2 (base 9) to base 12
-2
Convert 0 (base 15) to base 9.
0
13 (base 7) to base 6
14
-422 (base 5) to base 9
-134
Convert 9 (base 16) to base 14.
9
Convert -4 (base 12) to base 11.
-4
10 (base 9) to base 11
9
Convert 101 (base 2) to base 15.
5
Convert -1111 (base 2) to base 14.
-11
Convert 10 (base 3) to base 7.
3
Convert 1 (base 12) to base 9.
1
Convert 2 (base 5) to base 3.
2
-4 (base 13) to base 10
-4
What is 1002 (base 5) in base 15?
87
Convert -100 (base 2) to base 13.
-4
-21 (base 7) to base 13
-12
-11 (base 8) to base 13
-9
What is -5 (base 11) in base 13?
-5
Convert -56 (base 16) to base 8.
-126
Convert -5 (base 7) to base 11.
-5
What is 41 (base 5) in base 10?
21
What is -2 (base 14) in base 8?
-2
10010110 (base 2) to base 3
12120
3 (base 7) to base 5
3
-2d (base 15) to base 14
-31
Convert -111 (base 3) to base 13.
-10
What is -10 (base 15) in base 13?
-12
4 (base 6) to base 13
4
Convert 4 (base 5) to base 8.
4
0 (base 7) to base 3
0
-131 (base 4) to base 10
-29
Convert -3a (base 15) to base 10.
-55
Convert 4 (base 14) to base 5.
4
Convert -28 (base 11) to base 10.
-30
What is 4 (base 5) in base 4?
10
-59 (base 12) to base 6
-153
0 (base 12) to base 11
0
What is -101 (base 2) in base 13?
-5
Convert -4 (base 16) to base 13.
-4
What is -32 (base 16) in base 8?
-62
What is -4 (base 5) in base 4?
-10
Convert -2 (base 5) to base 7.
-2
Convert 4 (base 12) to base 9.
4
Convert -13 (base 9) to base 7.
-15
What is 3 (base 5) in base 15?
3
Convert 0 (base 10) to base 16.
0
453 (base 6) to base 3
20120
Convert -2 (base 6) to base 16.
-2
What is 7b (base 15) in base 4?
1310
Convert -3 (base 15) to base 11.
-3
-5 (base 6) to base 4
-11
Convert 4 (base 13) to base 5.
4
What is -26 (base 9) in base 12?
-20
Convert -c (base 16) to base 5.
-22
12 (base 16) to base 11
17
Convert 121 (base 15) to base 2.
100000000
Convert 21 (base 5) to base 3.
102
What is 55 (base 7) in base 14?
2c
-41 (base 5) to base 15
-16
What is -21 (base 6) in base 16?
-d
1000100 (base 2) to base 5
233
What is -3 (base 15) in base 14?
-3
-11 (base 16) to base 9
-18
-44 (base 9) to base 15
-2a
What is -101 (base 3) in base 13?
-a
Convert -1000100 (base 2) to base 16.
-44
95 (base 12) to base 11
a3
0 (base 12) to base 11
0
111 (base 2) to base 10
7
-1010 (base 2) to base 7
-13
What is a (base 12) in base 3?
101
-50 (base 13) to base 14
-49
What is -1 (base 7) in base 16?
-1
6 (base 12) to base 2
110
17b (base 12) to base 11
1a8
-91 (base 15) to base 8
-210
What is -16 (base 9) in base 11?
-14
Convert 2111 (base 3) to base 5.
232
Convert 12 (base 3) to base 13.
5
Convert 6 (base 12) to base 8.
6
What is -23 (base 4) in base 16?
-b
-1110 (base 2) to base 11
-13
2 (base 7) to base 14
2
Convert 26 (base 15) to base 5.
121
Convert -23 (base 5) to base 16.
-d
Convert 12 (base 9) to base 16.
b
Convert -4 (base 10) to base 5.
-4
Convert -3 (base 16) to base 5.
-3
Convert -5 (base 11) to base 15.
-5
Convert 41 (base 11) to base 4.
231
-1001 (base 2) to base 16
-9
Convert 35 (base 12) to base 14.
2d
-b (base 15) to base 4
-23
What is 111 (base 2) in base 14?
7
What is 33 (base 8) in base 7?
36
10 (base 5) to base 16
5
Convert 21 (base 10) to base 7.
30
-3 (base 6) to base 9
-3
-3 (base 5) to base 4
-3
What is -52 (base 11) in base 10?
-57
0 (base 10) to base 6
0
Convert -19 (base 10) to base 12.
-17
-27 (base 12) to base 10
-31
Convert -f (base 16) to base 10.
-15
What is 175 (base 11) in base 7?
410
What is 84 (base 13) in base 15?
73
Convert 144 (base 5) to base 11.
45
10101000 (base 2) to base 8
250
-3 (base 9) to base 4
-3
Convert 9 (base 14) to base 3.
100
Convert -33 (base 6) to base 11.
-1a
What is 185 (base 9) in base 3?
12212
7 (base 14) to base 8
7
-3 (base 7) to base 15
-3
What is -37 (base 10) in base 8?
-45
Convert 2 (base 14) to base 7.
2
Convert 132 (base 5) to base 6.
110
What is 100 (base 3) in base 2?
1001
What is 1 (base 15) in base 9?
1
-7 (base 11) to base 9
-7
Convert -16 (base 14) to base 13.
-17
-10 (base 14) to base 11
-13
What is 110 (base 6) in base 15?
2c
26 (base 13) to base 6
52
Convert 0 (base 4) to base 8.
0
Convert 1 (base 7) to base 16.
1
0 (base 12) to base 2
0
What is 12 (base 3) in base 12?
5
-2132 (base 4) to base 11
-134
101 (base 2) to base 16
5
Convert -16c (base 15) to base 7.
-645
What is -34 (base 7) in base 3?
-221
What is 2200 (base 3) in base 16?
48
46 (base 10) to base 11
42
-304 (base 5) to base 14
-59
3 (base 15) to base 8
3
10001000 (base 2) to base 16
88
Convert 44 (base 16) to base 13.
53
Convert -10 (base 8) to base 12.
-8
203 (base 4) to base 8
43
Convert 82 (base 14) to base 7.
222
-4 (base 7) to base 2
-100
Convert -72 (base 11) to base 14.
-59
Convert -20110 (base 3) to base 4.
-2232
Convert -101100 (base 2) to base 8.
-54
-2 (base 13) to base 2
-10
Convert -2 (base 14) to base 10.
-2
101 (base 2) to base 13
5
Convert -1 (base 8) to base 11.
-1
10 (base 3) to base 15
3
What is ac (base 13) in base 2?
10001110
-49 (base 11) to base 14
-3b
What is -2 (base 6) in base 14?
-2
-6 (base 13) to base 14
-6
Convert 69 (base 13) to base 4.
1113
Convert 14 (base 9) to base 15.
d
What is 11000101 (base 2) in base 7?
401
9 (base 16) to base 14
9
Convert -1d (base 16) to base 14.
-21
-11 (base 11) to base 6
-20
-188 (base 15) to base 5
-2403
-32 (base 8) to base 3
-222
5 (base 7) to base 2
101
What is -39 (base 16) in base 11?
-52
11 (base 8) to base 7
12
6 (base 12) to base 11
6
0 (base 15) to base 7
0
Convert 1 (base 2) to base 14.
1
What is 233 (base 7) in base 3?
11112
Convert 0 (base 10) to base 4.
0
Convert -31 (base 8) to base 13.
-1c
Convert 3 (base 10) to base 9.
3
Convert -43 (base 9) to base 12.
-33
What is -6 (base 12) in base 2?
-110
What is -87 (base 9) in base 12?
-67
3 (base 10) to base 12
3
What is -230 (base 4) in base 2?
-101100
11 (base 6) to base 12
7
Convert -60 (base 8) to base 9.
-53
What is -2212 (base 4) in base 11?
-141
Convert 1114 (base 5) to base 16.
9f
5 (base 6) to base 9
5
What is 2 (base 16) in base 13?
2
What is -d (base 14) in base 16?
-d
129 (base 10) to base 12
a9
Convert -562 (base 7) to base 15.
-144
Convert -15 (base 6) to base 5.
-21
Convert 245 (base 8) to base 9.
203
What is 224 (base 10) in base 5?
1344
-23 (base 5) to base 7
-16
-74 (base 8) to base 9
-66
What is 1 (base 4) in base 6?
1
What is 120 (base 3) in base 10?
15
110 (base 9) to base 2
1011010
Convert 99 (base 15) to base 14.
a4
Convert 16 (base 12) to base 11.
17
What is 116 (base 9) in base 15?
66
What is 2 (base 4) in base 2?
10
What is 11 (base 2) in base 15?
3
What is -ee (base 16) in base 4?
-3232
What is 1b (base 14) in base 15?
1a
112 (base 4) to base 11
20
2 (base 10) to base 15
2
What is -5a (base 16) in base 13?
-6c
Convert 0 (base 11) to base 3.
0
What is -1111111 (base 2) in base 5?
-1002
Convert -a (base 16) to base 14.
-a
Convert 112 (base 3) to base 13.
11
Convert -150 (base 8) to base 9.
-125
-5 (base 6) to base 3
-12
-170 (base 8) to base 11
-aa
-10010010 (base 2) to base 10
-146
9 (base 15) to base 14
9
Convert -1 (base 2) to base 14.
-1
Convert -2 (base 15) to base 14.
-2
What is 1 (base 15) in base 10?
1
What is 12 (base 8) in base 13?
a
What is -42 (base 8) in base 2?
-100010
Convert 10 (base 2) to base 14.
2
-3b (base 14) to base 8
-65
What is 10 (bas